 + -1 + -1)
5
Calculate -11 - (-13 + 7) - (-2 - 12).
9
10 - ((-9 - -13) + -2)
8
Evaluate 8 + (3 - (-1 + 5)).
7
Calculate (-13 - (11 + -22)) + (0 - -2).
0
What is the value of -5 + 9 - (-1 - -1)?
4
What is the value of 0 + 0 + -1 - (-3 - 0)?
2
7 - (0 - -5 - 2)
4
2 + (0 - 1 - (-3 - -5))
-1
What is the value of 2 + (4 - 5) + -2 - -3?
2
8 - (0 + 7 - -5) - -6
2
-1 + -4 + (-4 - -4 - -3)
-2
Evaluate 5 - (-4 + 11 + 3) - 1.
-6
What is -3 + (-2 - -1 - -10)?
6
Evaluate (-1 - -7) + -2 + (13 - 8).
9
Calculate 3 + -11 + 6 - 1.
-3
What is the value of (19 - 14) + (0 - 3) + -2?
0
Evaluate -3 + (8 - (2 - (-4 + 2))).
1
Evaluate -6 - (-13 - -10) - -9.
6
What is (-6 + -1 - -1) + 1?
-5
Calculate 1 + (-7 - -4) - (-1 + 1).
-2
Evaluate (8 - 1 - 12) + 2 - -6.
3
Calculate 6 + -11 + (4 - 3).
-4
-3 + 5 + 1 - -1
4
What is the value of (-6 - 0) + -4 + 7?
-3
What is (4 + -6 - (-4 + 0)) + -2?
0
Evaluate 8 - (-7 + (-7 - -19)).
3
What is the value of 1 - 13 - (15 + 7 - 28)?
-6
What is 3 - (-5 - (3 + -6))?
5
Evaluate (-3 - 0) + (3 - (2 + 3)).
-5
Calculate (-14 - (-5 + 1)) + (0 - 0).
-10
What is -3 + 6 + 1 + (-3 - 0)?
1
-2 - (35 + -46 + 0 + 6)
3
Evaluate (-1 - 3) + (3 + -11 - -5).
-7
-1 - -8 - (12 + -19 + 10)
4
Calculate 122 + -115 - (-2 + 2 + 13).
-6
What is 3 - -15 - 7 - 2?
9
Evaluate 9 - (1 - (-2 - 4)).
2
What is the value of (-14 - (-5 - -1)) + 10?
0
Evaluate 0 + (2 - (-5 + 8)).
-1
What is the value of 9 + -2 + -7 + -8?
-8
What is 4 + (-2 - (8 - 4))?
-2
-12 + 5 + -4 + 8
-3
What is (-3 - -4) + 2 + 7 + -3?
7
Calculate -11 + (7 - (-7 - -5)).
-2
-4 + 31 - 6 - 12
9
What is the value of 4 - (0 - -6) - 8?
-10
What is -13 + 5 - (7 + -5 + -2)?
-8
0 + 0 + (-15 - -11)
-4
What is -649 + 649 + (-1 - (0 + -1))?
0
What is (-14 - -13) + (-1 - 7) + 5?
-4
Calculate 2 - (11 + -3 + -3).
-3
What is (-2 - (10 - 6)) + 2?
-4
Evaluate 0 - 0 - -6 - (-11 + 13).
4
Evaluate 4 + 2 + -2 + 69 + -76.
-3
What is -7 + 3 + -1 - 1?
-6
10 + -4 + -9 + 7
4
What is -7 + (-4 - -8) - 0?
-3
Calculate 38 + -39 + (-3 - 1).
-5
What is the value of 0 + 9 - ((9 - 6) + 1)?
5
-9 + 4 - (1 + -3 + -1)
-2
Calculate -3 + (6 - 0 - 0).
3
Calculate (-3 - 6) + 5 + 6.
2
What is 1 + 7 - ((5 - 28) + 30)?
1
What is the value of 1 + (3 - 4) + 6 + -6?
0
What is the value of -23 + 10 + 8 + 0?
-5
What is the value of -7 + -1 + 4 + (8 - 10)?
-6
What is the value of (1 - 6) + 0 + 4 + -2?
-3
61 - 58 - (2 - -3)
-2
Evaluate 4 - (-1 + 4 + 1).
0
Evaluate 2 - (-3 - (-2 + 5 + -5)).
3
Evaluate (1 - 2) + (4 - 9 - -3).
-3
Evaluate 4 - (-3 - (-9 - 2)).
-4
What is (-1 - -3) + (-7 - (-5 + -2))?
2
What is the value of -6 + 5 + 5 - 0?
4
What is the value of (32 - 36) + 6 + -2 - 9?
-9
What is (-3 - (-5 - 1)) + -1 - -1?
3
-11 + (-4 - -2 - -6) - -2
-5
What is the value of -3 + 0 - (2 - 10)?
5
What is -4 + -1 + (5 - 3) + 0?
-3
Evaluate (-1 - 0) + (-1 - -3).
1
Evaluate 15 + -16 - (5 - (4 + -4)).
-6
Calculate -1 + (1 - 0) + 5.
5
What is the value of 2 - (-5 + 8) - -3?
2
Evaluate 2 + -2 - 3 - -2.
-1
Calculate 7 - (16 - 4) - (-4 + -2).
1
3 - 9 - (12 - 17)
-1
Calculate 5 + -4 + 4 + -5 - -3.
3
What is the value of 12 + ((5 - 4) + 4 - 11)?
6
(7 - 1) + 6 + -12
0
What is -1 - (2 - (-3 + 2) - 0)?
-4
2 - (4 - (2 + (3 - 3)))
0
-1 + (3 - 3) + -3
-4
What is the value of -1 - (-5 - (-3 - (2 - -5)))?
-6
What is the value of 3 + -1 + 5 + -3?
4
1 - (2 - 0) - -7
6
What is 1 + -3 + -1 + 1?
-2
(-4 - 2 - -3) + 4
1
What is the value of (3 - 6 - -4) + (-1 - -1)?
1
What is the value of (-29 - -26) + (-1 - 0)?
-4
What is -3 - (1 - (1 - 3)) - -2?
-4
What is the value of -5 - 0 - -2 - (-7 - 1)?
5
What is the value of -13 - -17 - (0 - 0)?
4
-2 - -12 - (12 - 7)
5
Evaluate (-7 + -7 - -6) + 16.
8
Calculate -1 - (-7 - (-1 + -7)).
-2
-7 - (-21 + 2 + 9)
3
What is the value of 3 + 4 + 1 + -11?
-3
What is the value of -4 - (-14 - (-14 - -11))?
7
-9 + 1 + (18 - 6)
4
What is 2 - 4 - (35 + -30)?
-7
-13 + 21 - 14 - (-2 - 0)
-4
What is 2 + (4 - 2) + (45 - 53)?
-4
-5 + (-3 + 3 - -3)
-2
Calculate (1 + (-4 - -3) - 1) + -4.
-5
What is 1 + (-9 + -4 - -7)?
-5
17 - (7 - (-8 - 0))
2
Calculate 8 + -2 + -1 - 4.
1
What is 78 + -77 - (3 + -2 + -2)?
2
2 - 4 - -5 - 5 - 2
-4
Calculate -4 - (1 - 3) - -2.
0
What is 1 + 1 - (-11 - (15 + -36))?
-8
What is (-2 - 1 - -10) + (2 - 3)?
6
-9 + 0 + 4 + 3
-2
Evaluate -1 + -1 + -1 + 0 - 0.
-3
Evaluate 4 + -6 - (-6 - -1).
3
(-9 - -2 - 1) + 3
-5
What is (2 - -7) + (-16 - -9)?
2
Evaluate (14 + -10 - -9) + -3.
10
Calculate 22 + -15 + (2 - 3).
6
What is the value of 0 - (-1 - (-1 - -5 - 2))?
3
Calculate -12 - -10 - -6 - (0 - -3).
1
Evaluate 0 + -3 + (4 - 0) + 3.
4
What is (0 + 4 - (10 - 12)) + -4?
2
Evaluate (0 + 3 + -6 - -2) + -1.
-2
-8 - ((9 - -1) + -10)
-8
2 + (-7 - -11) + -6
0
What is the value of -4 + 13 - (10 + 10)?
-11
Evaluate (-2 - -4) + (2 - (1 + -1)).
4
What is (1 - (5 + -3)) + 6?
5
Calculate 9 - 14 - (-3 - -5).
-7
Calculate 1 + -2 + 0 + 2 + -2.
-1
What is (14 - 13) + (-1 - (3 - 3))?
0
Evaluate -3 - (-11 - -1 - (-34 + 29)).
2
What is 4 + (0 - -1) - 0?
5
What is the value of 1 - (-4 + -1 - -4)?
2
What is the value of (-15 - -14) + 5 + 0?
4
Calculate (7 - -2) + -10 - (-1 + 7).
-7
What is the value of (-14 + 6 - -18) + 0?
10
Calculate 0 + (-21 + 13 - -17).
9
Evaluate -1 + 13 + -15 - (0 - 1).
-2
What is (-1 - -2) + 2 + 0 + -1?
2
Evaluate -31 + 32 - ((0 - 2) + -4).
7
Evaluate 7 + -1 + (1 - (-3 - -3)).
7
2 - (-1 + -3 + 15 + -5)
-4
What is 0 + 8 + -20 - -19?
7
What is -1 - 1 - (1 - 3 - 4)?
4
Calculate 4 + 1 - (23 - 22).
4
Calculate -4 + 1 + 11 + -12.
-4
1 + -6 + 2 + -1 + 9
5
What is the value of -10 - (-25 - -10) - 4?
1
Calculate (0 + -5 - -17) + -10.
2
What is the value of 7 + -7 + -1 + -5 + -3?
-9
What is 4 - (1 - 7 - -15)?
-5
What is the value of 18 + (10 - 21) + 1 + -2?
6
Evaluate -3 - ((4 - 4) + -3) - 1.
-1
Calculate (-21 - -32) + -6 - (-2 - -1).
6
Evaluate (0 + -1 - -5) + (4 - 10).
-2
Calculate -1 - (4 + -3 + (4 - 1)).
-5
-5 + 3 - ((1 - 3) + -3)
3
Evaluate -10 + 18 - -6 - 8.
6
4 - 0 - (7 + -4 + 0)
1
Evaluate 5 + (-11 + 2 - -3).
-1
Calculate 1 + 0 + (-77 - -71).
-5
Calculate -2 + (4 - 7) - -5.
0
What is the value of -1 - -2 - (-22 - -23)?
0
Evaluate (2 - (-11 - -6 - -2)) + -5.
0
Evaluate (-7 - -13) + -6 + -1.
-1
Evaluate (-7 - -7) + -4 + 1.
-3
Calculate (-1 - 0) + (8 - (1 - -7)).
-1
0 + (-1 - (-4 + 2))
1
Calculate (2 - (0 - -7)) + 10.
5
What is -6 + (-5 - -8) - -3?
0
2 - (5 - (1 - -6) - -1)
3
What is 0 + 3 - 1 - (-39 - -38)?
3
What is 1 - (2 + -5 + (5 - 3))?
2
Calculate 1 + (6 - 1) + (-8 - -3).
1
What is the value of -1 + 14 + -4 + -5 - 3?
1
What is the value of 19 - (15 + (-13 - -7))?
10
(-17 + 12 - 5) + 5
-5
361 + -364 + -1 + (0 - -4)
0
Evaluate 5 + (-2 + 5 - 6 - 1).
1
What is -1 + 5 - (-1 - 0)?
5
Calculate -1 + -3 + -4 - -8.
0
-1 - (1 + 0 + -2)
0
Calculate 2 + -1 + -2 - (20 + -21).
0
2 + 0 - (-2 + 0 + 5)
-1
What is 4 - 0 - (-5 - -7)?
2
What is the value of 0 + (-2 - (1 + 2))?
-5
Calculate -3 - (-4 + 2 - (25 + -22)).
2
-1 + 1 + (-4 - -8)
4
Calculate 5 - (-6 - -13 - 10).
8
What is the value of -4 + (-7 + 4 - -9)?
2
What is the value of -4 + (6 - 2) - (1 + 1)?
-2
What is the value of 4 + -1 + 0 + (-45 - -46)?
4
What is 3 - (3 - (3 - -1)) - 2?
2
What is 0 + (1 - 4) + -5 + 4?
-4
Calculate -2 + 5 + -4 + 3.
2
-14 + -14 + 19 + 8 + 0
-1
Calculate 4 - (1 + (-2 - -4)).
1
Evaluate 0 + -3 - -7 - 8.
-4
Calculate (9 + -4 - -5) + -3.
7
What is -10 - -17 - (0 - (1 + -2))?
6
7 + (-2 - (-7 + 8))
4
2 + -3 - (-8 + 9) - -5
3
Evaluate 8 + (-1 + -19 - -10).
-2
Calculate -12 + 10 + 4 + -1 + -2.
-1
What is (5 - -1) + (4 + -3 - 2)?
5
What is the value of 5 + -7 - (0 + 7)?
-9
2 + -1 + 0 + -4 - -7
4
Calculate -1 + 1 + 3 + 2.
5
What is the value of (-3 - 0) + (1 - 1) + 0?
-3
What is -1 + (-5 - (2 + -3))?
-5
What is -2 + (4 - (3 - -3))?
-4
Calculate 1 + 0 - ((-4 - -10) + -9).
4
Evaluate (-6 + 3 - 1) + 3 + -4.
-5
Evaluate 2 + -6 + 6 + 7 + -10.
-1
What is 3 + 5 + -7 + (1 - 5)?
-3
What is -2 + (2 + 0 - -1)?
1
Calculate 4 - 6 - (1 + 2 + -6).
1
What is the value of 1 + 0 + 5 + -4?
2
What is -3 - (7 - (19 + -10))?
-1
Calculate 0 + 1 - (-12 - -15 - -4).
-6
(-9 + 6 - -9) + -6
0
What is (-10 - (-4 + 8)) + 6 + 2?
-6
(5 - 7) + -5 + 16
9
Calculate 11 + -1 + 84 + -98.
-4
What is 9 + (8 - (-7 - -13) - 8)?
3
12 + 4 + -3 - 19
-6
What is the value of -2 + -2 + (1 + 2 - 4)?
-5
-1 + (-8 - -10) + 1
2
Calculate 1 + -5 +